{"id":23,"date":"2014-02-13T22:35:36","date_gmt":"2014-02-13T20:35:36","guid":{"rendered":"http:\/\/dapepino-wetzikon.com\/?page_id=23"},"modified":"2021-06-01T11:37:51","modified_gmt":"2021-06-01T09:37:51","slug":"ueber-uns","status":"publish","type":"page","link":"https:\/\/dapepino-wetzikon.com\/?page_id=23","title":{"rendered":"\u00dcber uns"},"content":{"rendered":"<p>Da Pepino Wetzikon;<br \/>\nMit seiner K\u00fcche und seinen &nbsp;Weinen erwartet Sie bei Da Pepino das ganze Jahr \u00fcber Italien von seiner sch\u00f6nsten Seite \u2013 genau die richtige Adresse f\u00fcr alle, die eine authentische und hochwertige K\u00fcche sch\u00e4tzen.<\/p>\n","protected":false},"excerpt":{"rendered":"<p>Da Pepino Wetzikon; Mit seiner K\u00fcche und seinen &nbsp;Weinen erwartet Sie bei Da Pepino das ganze Jahr \u00fcber Italien von seiner sch\u00f6nsten Seite \u2013 genau die richtige Adresse f\u00fcr alle, die eine authentische und hochwertige K\u00fcche sch\u00e4tzen.<\/p>\n","protected":false},"author":1,"featured_media":0,"parent":0,"menu_order":0,"comment_status":"closed","ping_status":"closed","template":"","meta":[],"yoast_head":"<!-- This site is optimized with the Yoast SEO plugin v19.2 - https:\/\/yoast.com\/wordpress\/plugins\/seo\/ -->\n<title>\u00dcber uns - Da Pepino Wetzikon - Restaurant Pizzeria<\/title>\n<meta name=\"robots\" content=\"index, follow, max-snippet:-1, max-image-preview:large, max-video-preview:-1\" \/>\n<link rel=\"canonical\" href=\"https:\/\/dapepino-wetzikon.com\/?page_id=23\" \/>\n<meta property=\"og:locale\" content=\"de_DE\" \/>\n<meta property=\"og:type\" content=\"article\" \/>\n<meta property=\"og:title\" content=\"\u00dcber uns - Da Pepino Wetzikon - Restaurant Pizzeria\" \/>\n<meta property=\"og:description\" content=\"Da Pepino Wetzikon; Mit seiner K\u00fcche und seinen &nbsp;Weinen erwartet Sie bei Da Pepino das ganze Jahr \u00fcber Italien von seiner sch\u00f6nsten Seite \u2013 genau die richtige Adresse f\u00fcr alle, die eine authentische und hochwertige K\u00fcche sch\u00e4tzen.\" \/>\n<meta property=\"og:url\" content=\"https:\/\/dapepino-wetzikon.com\/?page_id=23\" \/>\n<meta property=\"og:site_name\" content=\"Da Pepino Wetzikon - Restaurant Pizzeria\" \/>\n<meta property=\"article:modified_time\" content=\"2021-06-01T09:37:51+00:00\" \/>\n<meta name=\"author\" content=\"admin\" \/>\n<meta name=\"twitter:card\" content=\"summary_large_image\" \/>\n<meta name=\"twitter:label1\" content=\"Gesch\u00e4tzte Lesezeit\" \/>\n\t<meta name=\"twitter:data1\" content=\"1\u00a0Minute\" \/>\n<script type=\"application\/ld+json\" class=\"yoast-schema-graph\">{\"@context\":\"https:\/\/schema.org\",\"@graph\":[{\"@type\":\"WebSite\",\"@id\":\"https:\/\/dapepino-wetzikon.com\/#website\",\"url\":\"https:\/\/dapepino-wetzikon.com\/\",\"name\":\"Da Pepino Wetzikon - Restaurant Pizzeria\",\"description\":\"\",\"potentialAction\":[{\"@type\":\"SearchAction\",\"target\":{\"@type\":\"EntryPoint\",\"urlTemplate\":\"https:\/\/dapepino-wetzikon.com\/?s={search_term_string}\"},\"query-input\":\"required name=search_term_string\"}],\"inLanguage\":\"de\"},{\"@type\":\"WebPage\",\"@id\":\"https:\/\/dapepino-wetzikon.com\/?page_id=23#webpage\",\"url\":\"https:\/\/dapepino-wetzikon.com\/?page_id=23\",\"name\":\"\u00dcber uns - Da Pepino Wetzikon - Restaurant Pizzeria\",\"isPartOf\":{\"@id\":\"https:\/\/dapepino-wetzikon.com\/#website\"},\"datePublished\":\"2014-02-13T20:35:36+00:00\",\"dateModified\":\"2021-06-01T09:37:51+00:00\",\"breadcrumb\":{\"@id\":\"https:\/\/dapepino-wetzikon.com\/?page_id=23#breadcrumb\"},\"inLanguage\":\"de\",\"potentialAction\":[{\"@type\":\"ReadAction\",\"target\":[\"https:\/\/dapepino-wetzikon.com\/?page_id=23\"]}]},{\"@type\":\"BreadcrumbList\",\"@id\":\"https:\/\/dapepino-wetzikon.com\/?page_id=23#breadcrumb\",\"itemListElement\":[{\"@type\":\"ListItem\",\"position\":1,\"name\":\"Startseite\",\"item\":\"https:\/\/dapepino-wetzikon.com\/\"},{\"@type\":\"ListItem\",\"position\":2,\"name\":\"\u00dcber uns\"}]}]}<\/script>\n<!-- \/ Yoast SEO plugin. -->","yoast_head_json":{"title":"\u00dcber uns - Da Pepino Wetzikon - Restaurant Pizzeria","robots":{"index":"index","follow":"follow","max-snippet":"max-snippet:-1","max-image-preview":"max-image-preview:large","max-video-preview":"max-video-preview:-1"},"canonical":"https:\/\/dapepino-wetzikon.com\/?page_id=23","og_locale":"de_DE","og_type":"article","og_title":"\u00dcber uns - Da Pepino Wetzikon - Restaurant Pizzeria","og_description":"Da Pepino Wetzikon; Mit seiner K\u00fcche und seinen &nbsp;Weinen erwartet Sie bei Da Pepino das ganze Jahr \u00fcber Italien von seiner sch\u00f6nsten Seite \u2013 genau die richtige Adresse f\u00fcr alle, die eine authentische und hochwertige K\u00fcche sch\u00e4tzen.","og_url":"https:\/\/dapepino-wetzikon.com\/?page_id=23","og_site_name":"Da Pepino Wetzikon - Restaurant Pizzeria","article_modified_time":"2021-06-01T09:37:51+00:00","author":"admin","twitter_card":"summary_large_image","twitter_misc":{"Gesch\u00e4tzte Lesezeit":"1\u00a0Minute"},"schema":{"@context":"https:\/\/schema.org","@graph":[{"@type":"WebSite","@id":"https:\/\/dapepino-wetzikon.com\/#website","url":"https:\/\/dapepino-wetzikon.com\/","name":"Da Pepino Wetzikon - Restaurant Pizzeria","description":"","potentialAction":[{"@type":"SearchAction","target":{"@type":"EntryPoint","urlTemplate":"https:\/\/dapepino-wetzikon.com\/?s={search_term_string}"},"query-input":"required name=search_term_string"}],"inLanguage":"de"},{"@type":"WebPage","@id":"https:\/\/dapepino-wetzikon.com\/?page_id=23#webpage","url":"https:\/\/dapepino-wetzikon.com\/?page_id=23","name":"\u00dcber uns - Da Pepino Wetzikon - Restaurant Pizzeria","isPartOf":{"@id":"https:\/\/dapepino-wetzikon.com\/#website"},"datePublished":"2014-02-13T20:35:36+00:00","dateModified":"2021-06-01T09:37:51+00:00","breadcrumb":{"@id":"https:\/\/dapepino-wetzikon.com\/?page_id=23#breadcrumb"},"inLanguage":"de","potentialAction":[{"@type":"ReadAction","target":["https:\/\/dapepino-wetzikon.com\/?page_id=23"]}]},{"@type":"BreadcrumbList","@id":"https:\/\/dapepino-wetzikon.com\/?page_id=23#breadcrumb","itemListElement":[{"@type":"ListItem","position":1,"name":"Startseite","item":"https:\/\/dapepino-wetzikon.com\/"},{"@type":"ListItem","position":2,"name":"\u00dcber uns"}]}]}},"_links":{"self":[{"href":"https:\/\/dapepino-wetzikon.com\/index.php?rest_route=\/wp\/v2\/pages\/23"}],"collection":[{"href":"https:\/\/dapepino-wetzikon.com\/index.php?rest_route=\/wp\/v2\/pages"}],"about":[{"href":"https:\/\/dapepino-wetzikon.com\/index.php?rest_route=\/wp\/v2\/types\/page"}],"author":[{"embeddable":true,"href":"https:\/\/dapepino-wetzikon.com\/index.php?rest_route=\/wp\/v2\/users\/1"}],"replies":[{"embeddable":true,"href":"https:\/\/dapepino-wetzikon.com\/index.php?rest_route=%2Fwp%2Fv2%2Fcomments&post=23"}],"version-history":[{"count":4,"href":"https:\/\/dapepino-wetzikon.com\/index.php?rest_route=\/wp\/v2\/pages\/23\/revisions"}],"predecessor-version":[{"id":468,"href":"https:\/\/dapepino-wetzikon.com\/index.php?rest_route=\/wp\/v2\/pages\/23\/revisions\/468"}],"wp:attachment":[{"href":"https:\/\/dapepino-wetzikon.com\/index.php?rest_route=%2Fwp%2Fv2%2Fmedia&parent=23"}],"curies":[{"name":"wp","href":"https:\/\/api.w.org\/{rel}","templated":true}]}}