{"id":9,"date":"2014-02-13T20:50:02","date_gmt":"2014-02-13T18:50:02","guid":{"rendered":"http:\/\/dapepino-wetzikon.com\/?page_id=9"},"modified":"2021-11-17T21:56:31","modified_gmt":"2021-11-17T19:56:31","slug":"home","status":"publish","type":"page","link":"https:\/\/dapepino-wetzikon.com\/","title":{"rendered":"Home"},"content":{"rendered":"<div id=\"cmsmasters_row_436ymkiq1\" class=\"cmsmasters_row cmsmasters_color_scheme_default cmsmasters_row_top_default cmsmasters_row_bot_default cmsmasters_row_boxed\">\n<div class=\"cmsmasters_row_outer_parent\">\n<div class=\"cmsmasters_row_outer\">\n<div class=\"cmsmasters_row_inner\">\n<div class=\"cmsmasters_row_margin\">\n<div id=\"cmsmasters_column_vwytajsd8\" class=\"cmsmasters_column one_first\">\n<div class=\"cmsmasters_column_inner\">\n<div class=\"cmsmasters_slider layerslider id=\u20331\u2033\"><script type=\"text\/javascript\">jQuery(function() { _initLayerSlider( '#layerslider_1_15yte50c0w0ag', {sliderVersion: '', responsiveUnder: 0, layersContainer: 0, pauseOnHover: 'on', twoWaySlideshow: true, skin: 'defaultskin', yourLogoStyle: 'left: 10px; top: 10px;', skinsPath: 'https:\/\/dapepino-wetzikon.com\/wp-content\/plugins\/LayerSlider\/assets\/static\/layerslider\/skins\/', type: 'fullwidth', showCircleTimer: false}); });<\/script><div id=\"layerslider_1_15yte50c0w0ag\" class=\"ls-wp-container fitvidsignore\" style=\"width:1600px;height:650px;margin:0 auto;\"><div class=\"ls-slide\" data-ls=\"duration:4000;\"><img src=\"https:\/\/dapepino-wetzikon.com\/wp-content\/uploads\/2016\/10\/dapepino2.jpg\" class=\"ls-bg\" alt=\"Slide background\" \/><\/div><div class=\"ls-slide\" data-ls=\"duration:4000;\"><img src=\"https:\/\/dapepino-wetzikon.com\/wp-content\/uploads\/2014\/02\/2.jpg\" class=\"ls-bg\" alt=\"Slide background\" \/><\/div><div class=\"ls-slide\" data-ls=\"duration:4000;\"><img src=\"https:\/\/dapepino-wetzikon.com\/wp-content\/uploads\/2016\/10\/dapepino4.jpg\" class=\"ls-bg\" alt=\"Slide background\" \/><\/div><div class=\"ls-slide\" data-ls=\"duration:4000;\"><img src=\"https:\/\/dapepino-wetzikon.com\/wp-content\/uploads\/2014\/02\/slide-4.jpg\" class=\"ls-bg\" alt=\"Slide background\" \/><\/div><div class=\"ls-slide\" data-ls=\"duration:4000;\"><img src=\"https:\/\/dapepino-wetzikon.com\/wp-content\/uploads\/2016\/10\/dapepino1.jpg\" class=\"ls-bg\" alt=\"Slide background\" \/><\/div><div class=\"ls-slide\" data-ls=\"duration:4000;\"><img src=\"https:\/\/dapepino-wetzikon.com\/wp-content\/uploads\/2014\/02\/5.jpg\" class=\"ls-bg\" alt=\"Slide background\" \/><\/div><div class=\"ls-slide\" data-ls=\"duration:4000;\"><img src=\"https:\/\/dapepino-wetzikon.com\/wp-content\/uploads\/2016\/10\/dapepino3.jpg\" class=\"ls-bg\" alt=\"Slide background\" \/><\/div><\/div><\/div>\n<\/div><\/div>\n<\/div>\n<\/div>\n<\/div>\n<\/div>\n<\/div>\n<div id=\"cmsmasters_row_s6f6sxj39\" class=\"cmsmasters_row cmsmasters_color_scheme_default cmsmasters_row_top_default cmsmasters_row_bot_default cmsmasters_row_boxed\">\n<div class=\"cmsmasters_row_outer_parent\">\n<div class=\"cmsmasters_row_outer\">\n<div class=\"cmsmasters_row_inner\">\n<div class=\"cmsmasters_row_margin\">\n<div id=\"cmsmasters_column_dhubbzu6nh\" class=\"cmsmasters_column one_first\">\n<div class=\"cmsmasters_column_inner\"><div id=\"cmsmasters_heading_796j1qb995\" class=\"cmsmasters_heading_wrap cmsmasters_heading_align_center\">\n\t<h2 class=\"cmsmasters_heading\">Da Pepino Wetzikon Pizza, verw\u00f6hnen Sie in gem\u00fctlichem und gepflegtem Italien-Ambiente mit authentischer italienischer K\u00fcche von bester Qualit\u00e4t.\u00a0Wir legen Wert auf eine Saison gerechte K\u00fcche. Sie werden merken, dass bei uns noch mit Liebe gekocht wird. Schauen Sie einmal bei uns herein und wir werden Sie gerne mit einem feinen Essen verw\u00f6hnen.<\/h2>\n<\/div>\n<\/div><\/div>\n<\/div>\n<\/div>\n<\/div>\n<\/div>\n<\/div>\n<div id=\"cmsmasters_row_cedso84kym\" class=\"cmsmasters_row cmsmasters_color_scheme_default cmsmasters_row_top_default cmsmasters_row_bot_default cmsmasters_row_boxed\">\n<div class=\"cmsmasters_row_outer_parent\">\n<div class=\"cmsmasters_row_outer\">\n<div class=\"cmsmasters_row_inner\">\n<div class=\"cmsmasters_row_margin\">\n<div id=\"cmsmasters_column_xgooh3qyd\" class=\"cmsmasters_column one_first\">\n<div class=\"cmsmasters_column_inner\"><div class=\"aligncenter\"><div class=\"cmsmasters_img  cmsmasters_image_c\"><img src=\"https:\/\/dapepino-wetzikon.com\/wp-content\/uploads\/2014\/02\/logo_pepino.png\" \/><\/div><\/div>\n<\/div><\/div>\n<\/div>\n<\/div>\n<\/div>\n<\/div>\n<\/div>\n<div id=\"cmsmasters_row_63mo8t9wul\" class=\"cmsmasters_row cmsmasters_color_scheme_default cmsmasters_row_top_default cmsmasters_row_bot_default cmsmasters_row_boxed\">\n<div class=\"cmsmasters_row_outer_parent\">\n<div class=\"cmsmasters_row_outer\">\n<div class=\"cmsmasters_row_inner\">\n<div class=\"cmsmasters_row_margin\">\n<div id=\"cmsmasters_column_2z8fzxetef\" class=\"cmsmasters_column one_first\">\n<div class=\"cmsmasters_column_inner\"><div class=\"cmsmasters_text\">\n<h2 style=\"text-align: center;\"><span style=\"color: #ff0000;\">Unsere Take Away und Lieferzeiten<\/span><\/h2>\n<h2 style=\"text-align: center;\">11.00 Uhr bis 13.30 \u00a0Uhr<br \/>\n17.00 Uhr bis. 22.30 Uhr<\/h2>\n<h2 style=\"text-align: center;\">T\u00f6sstalstrasse 9, 8620 Wetzikon, Schweiz<br \/>\n<code>Tel:\u00a0<span style=\"color: #ff0000;\"><a style=\"color: #ff0000;\" title=\"\u00dcber Hangouts anrufen\" data-number=\"+41449302343\" data-rtid=\"i7D5E1PDQl2E\" data-ved=\"0ahUKEwjiqcWjzPTJAhVEfRoKHYQNB04QkAgIiwEwEA\">044 930 23 43<\/a><\/span><\/code><\/h2>\n<\/div>\n<\/div><\/div>\n<\/div>\n<\/div>\n<\/div>\n<\/div>\n<\/div>\n<div id=\"cmsmasters_row_1v7orzjqka\" class=\"cmsmasters_row cmsmasters_color_scheme_default cmsmasters_row_top_default cmsmasters_row_bot_default cmsmasters_row_boxed\">\n<div class=\"cmsmasters_row_outer_parent\">\n<div class=\"cmsmasters_row_outer\">\n<div class=\"cmsmasters_row_inner\">\n<div class=\"cmsmasters_row_margin\">\n<div id=\"cmsmasters_column_dmzkeulg7j\" class=\"cmsmasters_column one_first\">\n<div class=\"cmsmasters_column_inner\"><div id=\"cmsmasters_video_wrap_yk9uh05hpv\" class=\"cmsmasters_video_wrap\">\n<div style=\"width: 640px;\" class=\"wp-video\"><!--[if lt IE 9]><script>document.createElement('video');<\/script><![endif]--><br \/>\n<video class=\"wp-video-shortcode\" id=\"video-9-1\" width=\"640\" height=\"360\" preload=\"none\" controls=\"controls\"><source type=\"video\/mp4\" src=\"https:\/\/dapepino-wetzikon.com\/wp-content\/uploads\/2021\/11\/dapepino.mp4?_=1\" \/><a href=\"https:\/\/dapepino-wetzikon.com\/wp-content\/uploads\/2021\/11\/dapepino.mp4\">https:\/\/dapepino-wetzikon.com\/wp-content\/uploads\/2021\/11\/dapepino.mp4<\/a><\/video><\/div>\n<\/div>\n<\/div><\/div>\n<\/div>\n<\/div>\n<\/div>\n<\/div>\n<\/div>\n<div id=\"cmsmasters_row_fwwsgjkyep\" class=\"cmsmasters_row cmsmasters_color_scheme_default cmsmasters_row_top_default cmsmasters_row_bot_default cmsmasters_row_boxed\">\n<div class=\"cmsmasters_row_outer_parent\">\n<div class=\"cmsmasters_row_outer\">\n<div class=\"cmsmasters_row_inner\">\n<div class=\"cmsmasters_row_margin\">\n<div id=\"cmsmasters_column_i8psnwl6yh\" class=\"cmsmasters_column one_first\">\n<div class=\"cmsmasters_column_inner\"><div class=\"cmsmasters_img  cmsmasters_image_r\"><img src=\"https:\/\/dapepino-wetzikon.com\/wp-content\/uploads\/2020\/04\/menukarte-scaled.jpg\" \/><\/div>\n<\/div><\/div>\n<\/div>\n<\/div>\n<\/div>\n<\/div>\n<\/div>\n<div id=\"cmsmasters_row_6mx5pfk4vx\" class=\"cmsmasters_row cmsmasters_color_scheme_default cmsmasters_row_top_default cmsmasters_row_bot_default cmsmasters_row_boxed\">\n<div class=\"cmsmasters_row_outer_parent\">\n<div class=\"cmsmasters_row_outer\">\n<div class=\"cmsmasters_row_inner\">\n<div class=\"cmsmasters_row_margin\">\n<div id=\"cmsmasters_column_7gr7dm5mf1\" class=\"cmsmasters_column one_half\">\n<div class=\"cmsmasters_column_inner\"><div class=\"cmsmasters_img  cmsmasters_image_r\"><img src=\"https:\/\/dapepino-wetzikon.com\/wp-content\/uploads\/2020\/04\/wetzikon_menu2.jpg\" \/><\/div>\n<\/div><\/div>\n<div id=\"cmsmasters_column_tax57hu2rl\" class=\"cmsmasters_column one_half\">\n<div class=\"cmsmasters_column_inner\"><div class=\"aligncenter\"><div class=\"cmsmasters_img  cmsmasters_image_c\"><img src=\"https:\/\/dapepino-wetzikon.com\/wp-content\/uploads\/2020\/04\/Unbenannt-1.jpg\" \/><\/div><\/div>\n<\/div><\/div>\n<div id=\"cmsmasters_column_bb7n27zwch\" class=\"cmsmasters_column one_first\">\n<div class=\"cmsmasters_column_inner\"><\/div><\/div>\n<\/div>\n<\/div>\n<\/div>\n<\/div>\n<\/div>\n<div id=\"cmsmasters_row_ifof59jseg\" class=\"cmsmasters_row cmsmasters_color_scheme_default cmsmasters_row_top_default cmsmasters_row_bot_default cmsmasters_row_boxed\">\n<div class=\"cmsmasters_row_outer_parent\">\n<div class=\"cmsmasters_row_outer\">\n<div class=\"cmsmasters_row_inner\">\n<div class=\"cmsmasters_row_margin\">\n<div id=\"cmsmasters_column_z1vckibfg8\" class=\"cmsmasters_column one_first\">\n<div class=\"cmsmasters_column_inner\"><div id=\"cmsmasters_hover_slider_b1so61lt9e\" class=\"cmsmasters_hover_slider\" data-thumb-width=\"100\" data-thumb-height=\"60\" data-active-slide=\"1\" data-pause-time=\"5000\" data-pause-on-hover=\"true\"><ul class=\"cmsmasters_hover_slider_items\">\n<li><figure class=\"cmsmasters_hover_slider_full_img\"><img width=\"276\" height=\"191\" src=\"https:\/\/dapepino-wetzikon.com\/wp-content\/uploads\/2021\/11\/6-1.jpg\" class=\"attachment-post-thumbnail size-post-thumbnail\" alt=\"\" loading=\"lazy\" \/><\/figure><\/li><li><figure class=\"cmsmasters_hover_slider_full_img\"><img width=\"276\" height=\"191\" src=\"https:\/\/dapepino-wetzikon.com\/wp-content\/uploads\/2021\/11\/5-1.jpg\" class=\"attachment-post-thumbnail size-post-thumbnail\" alt=\"\" loading=\"lazy\" \/><\/figure><\/li><li><figure class=\"cmsmasters_hover_slider_full_img\"><img width=\"276\" height=\"191\" src=\"https:\/\/dapepino-wetzikon.com\/wp-content\/uploads\/2021\/11\/4-1.jpg\" class=\"attachment-post-thumbnail size-post-thumbnail\" alt=\"\" loading=\"lazy\" \/><\/figure><\/li><li><figure class=\"cmsmasters_hover_slider_full_img\"><img width=\"276\" height=\"191\" src=\"https:\/\/dapepino-wetzikon.com\/wp-content\/uploads\/2021\/11\/3-1.jpg\" class=\"attachment-post-thumbnail size-post-thumbnail\" alt=\"\" loading=\"lazy\" \/><\/figure><\/li><li><figure class=\"cmsmasters_hover_slider_full_img\"><img width=\"276\" height=\"191\" src=\"https:\/\/dapepino-wetzikon.com\/wp-content\/uploads\/2021\/11\/2-1.jpg\" class=\"attachment-post-thumbnail size-post-thumbnail\" alt=\"\" loading=\"lazy\" \/><\/figure><\/li><li><figure class=\"cmsmasters_hover_slider_full_img\"><img width=\"276\" height=\"191\" src=\"https:\/\/dapepino-wetzikon.com\/wp-content\/uploads\/2021\/11\/1-1.jpg\" class=\"attachment-post-thumbnail size-post-thumbnail\" alt=\"\" loading=\"lazy\" \/><\/figure><\/li><\/ul>\n<\/div>\n<\/div><\/div>\n<\/div>\n<\/div>\n<\/div>\n<\/div>\n<\/div>\n\n","protected":false},"excerpt":{"rendered":"","protected":false},"author":1,"featured_media":0,"parent":0,"menu_order":0,"comment_status":"closed","ping_status":"closed","template":"","meta":[],"yoast_head":"<!-- This site is optimized with the Yoast SEO plugin v19.2 - https:\/\/yoast.com\/wordpress\/plugins\/seo\/ -->\n<title>Home - Da Pepino Wetzikon - Restaurant Pizzeria<\/title>\n<meta name=\"robots\" content=\"index, follow, max-snippet:-1, max-image-preview:large, max-video-preview:-1\" \/>\n<link rel=\"canonical\" href=\"https:\/\/dapepino-wetzikon.com\/\" \/>\n<meta property=\"og:locale\" content=\"de_DE\" \/>\n<meta property=\"og:type\" content=\"article\" \/>\n<meta property=\"og:title\" content=\"Home - Da Pepino Wetzikon - Restaurant Pizzeria\" \/>\n<meta property=\"og:url\" content=\"https:\/\/dapepino-wetzikon.com\/\" \/>\n<meta property=\"og:site_name\" content=\"Da Pepino Wetzikon - Restaurant Pizzeria\" \/>\n<meta property=\"article:modified_time\" content=\"2021-11-17T19:56:31+00:00\" \/>\n<meta name=\"author\" content=\"admin\" \/>\n<meta name=\"twitter:card\" content=\"summary_large_image\" \/>\n<meta name=\"twitter:label1\" content=\"Gesch\u00e4tzte Lesezeit\" \/>\n\t<meta name=\"twitter:data1\" content=\"1\u00a0Minute\" \/>\n<script type=\"application\/ld+json\" class=\"yoast-schema-graph\">{\"@context\":\"https:\/\/schema.org\",\"@graph\":[{\"@type\":\"WebSite\",\"@id\":\"https:\/\/dapepino-wetzikon.com\/#website\",\"url\":\"https:\/\/dapepino-wetzikon.com\/\",\"name\":\"Da Pepino Wetzikon - Restaurant Pizzeria\",\"description\":\"\",\"potentialAction\":[{\"@type\":\"SearchAction\",\"target\":{\"@type\":\"EntryPoint\",\"urlTemplate\":\"https:\/\/dapepino-wetzikon.com\/?s={search_term_string}\"},\"query-input\":\"required name=search_term_string\"}],\"inLanguage\":\"de\"},{\"@type\":\"WebPage\",\"@id\":\"https:\/\/dapepino-wetzikon.com\/#webpage\",\"url\":\"https:\/\/dapepino-wetzikon.com\/\",\"name\":\"Home - Da Pepino Wetzikon - Restaurant Pizzeria\",\"isPartOf\":{\"@id\":\"https:\/\/dapepino-wetzikon.com\/#website\"},\"datePublished\":\"2014-02-13T18:50:02+00:00\",\"dateModified\":\"2021-11-17T19:56:31+00:00\",\"breadcrumb\":{\"@id\":\"https:\/\/dapepino-wetzikon.com\/#breadcrumb\"},\"inLanguage\":\"de\",\"potentialAction\":[{\"@type\":\"ReadAction\",\"target\":[\"https:\/\/dapepino-wetzikon.com\/\"]}]},{\"@type\":\"BreadcrumbList\",\"@id\":\"https:\/\/dapepino-wetzikon.com\/#breadcrumb\",\"itemListElement\":[{\"@type\":\"ListItem\",\"position\":1,\"name\":\"Startseite\",\"item\":\"https:\/\/dapepino-wetzikon.com\/\"},{\"@type\":\"ListItem\",\"position\":2,\"name\":\"Home\"}]}]}<\/script>\n<!-- \/ Yoast SEO plugin. -->","yoast_head_json":{"title":"Home - Da Pepino Wetzikon - Restaurant Pizzeria","robots":{"index":"index","follow":"follow","max-snippet":"max-snippet:-1","max-image-preview":"max-image-preview:large","max-video-preview":"max-video-preview:-1"},"canonical":"https:\/\/dapepino-wetzikon.com\/","og_locale":"de_DE","og_type":"article","og_title":"Home - Da Pepino Wetzikon - Restaurant Pizzeria","og_url":"https:\/\/dapepino-wetzikon.com\/","og_site_name":"Da Pepino Wetzikon - Restaurant Pizzeria","article_modified_time":"2021-11-17T19:56:31+00:00","author":"admin","twitter_card":"summary_large_image","twitter_misc":{"Gesch\u00e4tzte Lesezeit":"1\u00a0Minute"},"schema":{"@context":"https:\/\/schema.org","@graph":[{"@type":"WebSite","@id":"https:\/\/dapepino-wetzikon.com\/#website","url":"https:\/\/dapepino-wetzikon.com\/","name":"Da Pepino Wetzikon - Restaurant Pizzeria","description":"","potentialAction":[{"@type":"SearchAction","target":{"@type":"EntryPoint","urlTemplate":"https:\/\/dapepino-wetzikon.com\/?s={search_term_string}"},"query-input":"required name=search_term_string"}],"inLanguage":"de"},{"@type":"WebPage","@id":"https:\/\/dapepino-wetzikon.com\/#webpage","url":"https:\/\/dapepino-wetzikon.com\/","name":"Home - Da Pepino Wetzikon - Restaurant Pizzeria","isPartOf":{"@id":"https:\/\/dapepino-wetzikon.com\/#website"},"datePublished":"2014-02-13T18:50:02+00:00","dateModified":"2021-11-17T19:56:31+00:00","breadcrumb":{"@id":"https:\/\/dapepino-wetzikon.com\/#breadcrumb"},"inLanguage":"de","potentialAction":[{"@type":"ReadAction","target":["https:\/\/dapepino-wetzikon.com\/"]}]},{"@type":"BreadcrumbList","@id":"https:\/\/dapepino-wetzikon.com\/#breadcrumb","itemListElement":[{"@type":"ListItem","position":1,"name":"Startseite","item":"https:\/\/dapepino-wetzikon.com\/"},{"@type":"ListItem","position":2,"name":"Home"}]}]}},"_links":{"self":[{"href":"https:\/\/dapepino-wetzikon.com\/index.php?rest_route=\/wp\/v2\/pages\/9"}],"collection":[{"href":"https:\/\/dapepino-wetzikon.com\/index.php?rest_route=\/wp\/v2\/pages"}],"about":[{"href":"https:\/\/dapepino-wetzikon.com\/index.php?rest_route=\/wp\/v2\/types\/page"}],"author":[{"embeddable":true,"href":"https:\/\/dapepino-wetzikon.com\/index.php?rest_route=\/wp\/v2\/users\/1"}],"replies":[{"embeddable":true,"href":"https:\/\/dapepino-wetzikon.com\/index.php?rest_route=%2Fwp%2Fv2%2Fcomments&post=9"}],"version-history":[{"count":98,"href":"https:\/\/dapepino-wetzikon.com\/index.php?rest_route=\/wp\/v2\/pages\/9\/revisions"}],"predecessor-version":[{"id":487,"href":"https:\/\/dapepino-wetzikon.com\/index.php?rest_route=\/wp\/v2\/pages\/9\/revisions\/487"}],"wp:attachment":[{"href":"https:\/\/dapepino-wetzikon.com\/index.php?rest_route=%2Fwp%2Fv2%2Fmedia&parent=9"}],"curies":[{"name":"wp","href":"https:\/\/api.w.org\/{rel}","templated":true}]}}